 30 - 0. Suppose -v*r = -10*r + l. What is the tens digit of r?
1
Let d(a) = -2*a**2 - 293*a - 2299. What is the units digit of d(-74)?
1
Let o = -76 - -76. Suppose -4*y + 7 - 19 = o, -5*h = 3*y - 476. What is the units digit of h?
7
Let c = 43072 + -12744. What is the hundreds digit of c?
3
Let a be (-2 - (-660)/8) + 9/6. Suppose -2*w + a = -5*r, -3*r + 7*r = 8. Suppose -1264 = -7*k - w. What is the tens digit of k?
7
Suppose s = -5*q + 9, 1 = -3*s + q - 2*q. Let x be -3 - s - 120/8. What is the units digit of (-2 + 5)/1 - x?
0
Let n(x) = x**3 - x**2 - 8*x + 3. Let s be n(3). Let z(k) = -418*k**2 + 2*k + 8. Let h be z(s). What is the tens digit of (5/2 + -1)*h/(-60)?
9
Let y(w) = 2*w**3 + 38*w**2 - 8*w + 38. Let s be y(-19). What is the hundreds digit of (445/4)/(s/912)?
5
What is the ten thousands digit of 115564*(-16)/(-320)*10?
5
Let u = -78 - -85. Let p(l) = -u + 6 + 33*l + 2 + 3. What is the hundreds digit of p(3)?
1
Let i(r) = -7*r + 21. Let q(p) = 7*p + 2 + 16 + 2 - 15*p. Let w(o) = 3*i(o) - 2*q(o). What is the units digit of w(-5)?
8
What is the ten thousands digit of 1 - (-12781 + 72 + 14/(-2))?
1
Let d be (-2 + -2 + 2)*(-25)/(-10). Let y(j) = -137*j + 32. Let o be y(d). Suppose 0 = 11*c - 8*c - o. What is the hundreds digit of c?
2
Let u(m) = -m**3 + 4*m**2 - 5*m + 8. Suppose -42 = 5*v + 4*y, -5*v - 3*y = 5 + 34. What is the units digit of u(v)?
8
Let m(w) = w**3 + 17*w**2 + 3*w - 77. Suppose 42 = -5*x - 5*a + 2, -2*a - 5 = x. What is the units digit of m(x)?
6
Let b(n) = -234*n**3 + 8*n**2 + 13*n - 4. What is the thousands digit of b(-3)?
6
What is the ten thousands digit of 1817460/65 + -1 + 51/663?
2
Let h = 34341 - 23847. What is the thousands digit of h?
0
Let b = 14878 + -10493. What is the thousands digit of b?
4
Suppose 2552*z + 11048 = 2556*z. What is the thousands digit of z?
2
Suppose 192 = 5*r + 182, -96468 = -2*i + 4*r. What is the hundreds digit of i?
2
Suppose -2*x - 146 = g, -365 = 5*x - g - g. Let u = x + 75. Suppose -u*z + 4*t = 91 - 225, -t = -5. What is the tens digit of z?
7
What is the hundreds digit of (-6 + (8 - 6) - 18774)/(-2)?
3
Let n be 2197 - 11/((-33)/(-15)). Suppose -3*q - 3*b + 5733 = 0, 2*q + b - n = 1635. What is the tens digit of q?
1
Suppose 2*w + 5*f - 212 = 1525, -3*w - 5*f = -2593. Let c = -569 + w. What is the units digit of c?
7
Let r(b) = -8*b**3 - 51*b**2 - 10*b - 265. What is the thousands digit of r(-16)?
9
Suppose 3*t + 4*b + 467 = 0, -t - 17*b - 153 = -15*b. Let p = t + 96. Let n = p - -123. What is the tens digit of n?
5
Let d(g) = -g**3 + 55*g**2 + 8*g + 182. What is the units digit of d(53)?
4
Let c = -680 - -678. Let s(a) = -699*a. Let j be s(-3). What is the tens digit of c/7 + j/63?
3
Let j = 89 - 81. Let p be -4*1*(125 - j). Let v = -199 - p. What is the hundreds digit of v?
2
Suppose 2*m - 3*y = -4*y, -16 = 2*m + 5*y. Suppose 0 = 16*v + m*v - 4230. What is the units digit of v?
5
Let i be 10/2 - (8 + -20). Suppose 26*n = i*n + 5265. What is the tens digit of n?
8
Suppose 3*k + 4*u = 95517, 0 = 3*k - 49*u + 44*u - 95571. What is the units digit of k?
7
Suppose 44160 - 440956 = -18*t + 18140. What is the ten thousands digit of t?
2
Let f(z) = -4*z - 14. Let x be f(-17). Suppose 58*n - 844 = x*n. What is the units digit of n?
1
Let g(v) = 26*v - 11. Let n(c) = -25*c + 9. Let m(p) = -3*g(p) - 2*n(p). What is the tens digit of m(-5)?
5
Suppose 9*w - 3*w = -48. Let s(i) be the second derivative of i**5/20 + 11*i**4/12 + 3*i**3 - 3*i**2/2 - 7*i. What is the tens digit of s(w)?
4
Let p(q) be the third derivative of 3*q**4/8 + q**3/2 + 14*q**2 - 1. What is the tens digit of p(4)?
3
Let h be 10/((-70)/21) + 27. What is the hundreds digit of h/20 - (-22997)/65?
3
What is the hundreds digit of (94/(-188))/(220045/(-110022) - -2)?
0
Suppose -41*c = 100036 - 312779 - 419846. What is the tens digit of c?
2
Suppose 3*m + 2*p = -2*p + 36, 5*p = 5*m - 60. What is the tens digit of 628/5 - m/(-30)?
2
Suppose 2*l + 7*l = l. Suppose 4*r = 5*q + 8, 15*r - 10*r - q - 31 = l. What is the units digit of r?
7
Let j(f) be the third derivative of f**7/1260 - 13*f**6/144 - 7*f**5/10 + 47*f**2. Let b(y) be the third derivative of j(y). What is the units digit of b(17)?
3
Suppose -12 = 27*y - 39. Let p(w) = 471*w - 51. What is the tens digit of p(y)?
2
Suppose -5*s - 810 = -5*t + 970, -5*t = -3*s - 1770. Let n = t - 151. What is the hundreds digit of n?
2
Let b(a) = -121*a + 23. Let y be b(-4). Let o be (y/(-2))/(90/(-120)). Let d = o + -109. What is the hundreds digit of d?
2
Suppose 0 = 23*y - 3486 - 1275. Suppose -304 - y = -7*t. What is the units digit of t?
3
Let c = -44712 - -93193. What is the hundreds digit of c?
4
Let z(w) = 29 - 6*w + 7 + 5*w. Suppose 4*d = -2*h + 9*d - 38, -2*h = 4*d + 2. What is the tens digit of z(h)?
4
Suppose -4 = -2*n + 12. Suppose -126 = -x - 3*k + n*k, -k = 5. What is the hundreds digit of x?
1
Let x(c) = -c**3 - 39*c**2 - 32*c + 259. What is the units digit of x(-41)?
3
Let x be 2 + 0*4/(-12). Suppose -x*s - 6*s = -0*s. Suppose 4*f - 9*f + 690 = s. What is the tens digit of f?
3
Suppose 5*m - 583 = -5*w + 2*m, 3*m - 3 = 0. Suppose 366 - w = 2*q. What is the tens digit of q?
2
Suppose -2*j - 2*p = -3 - 19, -49 = -5*j - 3*p. Suppose 2*u = 4*u - 12. Suppose u*t + 198 = j*t. What is the units digit of t?
9
Suppose 0 = -4*q + 7*q - 15. Suppose -q*w = 2*t - 1200, 3*w - 2400 = -4*t - 2*w. What is the units digit of t?
0
What is the units digit of 161087/7 - 1908/(-3339)?
3
Suppose 4*h = 12, 2*u - 2*h = -0*h + 4546. What is the units digit of u?
6
Suppose -7*i + 5*i + 12 = 0. Suppose 187 = i*h - 173. Let n = 129 - h. What is the units digit of n?
9
Let b(i) = -i**2 - 8*i + 12. Let d be b(-9). Suppose 5*t = -d*n + 12, 3*t - 5 = -2*n + 3. What is the tens digit of t - -1*(23 - 4)?
1
What is the units digit of (116/(-174))/((-4)/72594)?
9
Let r(y) = 6*y**2 + 9*y + 1. Let k be r(-4). Suppose t = k + 125. What is the hundreds digit of t?
1
Let j(s) = 336*s**3 - 7*s**2 + 27*s. What is the tens digit of j(4)?
0
Let b(i) be the first derivative of i**3 + i**2 + 31*i + 254. What is the units digit of b(-7)?
4
Suppose 1676386 = 127*k - 1181368. What is the ten thousands digit of k?
2
Suppose -35*v = -v - 340. Suppose 0*i = p - i - 47, -5*i + v = 0. What is the tens digit of p?
4
Suppose 0 = -4*k + k + 2*n + 8, 5*k - 15 = 5*n. Suppose -2*y + 3*x = k*y - 1265, -4*y = -2*x - 1262. What is the units digit of y?
4
Let d = -4 + 13. Suppose 6*x - d*x - 15 = 0. What is the units digit of x/(45/(-6)) + (-2848)/(-12)?
8
Let r be ((31/3)/1)/((-1)/(-21)). Let m be -1 + r/2 - (-5)/10. Let n = -69 + m. What is the units digit of n?
9
Let n(c) be the second derivative of 10*c**2 - 1/6*c**3 + 1/6*c**4 - 13*c + 0. What is the tens digit of n(0)?
2
Let c be (-9)/(-6)*2308/(-6). Let w = -1059 - c. What is the tens digit of (-4)/20 - w/10?
4
Suppose 3*f = 6*f - 25953. What is the units digit of f?
1
Suppose 27 = -2*l + 3*h, -2*l = -l + 5*h - 19. Let v = 65 - l. Suppose v + 19 = d. What is the tens digit of d?
9
Let m(l) be the second derivative of l**6/360 + 5*l**4/24 + 16*l**3/3 - 14*l. Let o(u) be the second derivative of m(u). What is the tens digit of o(-6)?
4
Suppose -4*u = 8 - 28. Let c(m) = -m**3 + m**2 + 130. Let v be c(0). Suppose 3*t = -0*t - h + v, -5*t - u*h = -210. What is the units digit of t?
4
Let b be 140/8*40/14. Let p = 50 - b. Suppose -5*x + 165 - 5 = p. What is the tens digit of x?
3
Let z(n) = 15*n - 7*n**2 + 9*n + 6*n**2 - 8*n + 18. Let p be z(13). Suppose 2*a - 99 = p. What is the units digit of a?
8
Let k(r) = -r**3 + 38*r**2 + 194*r - 57. What is the units digit of k(38)?
5
Suppose 5*o = 6*o + 4*r - 33, 143 = 5*o - 2*r. Let b = -364 + o. Let l = b + 471. What is the tens digit of l?
3
Let a(b) be the second derivative of -b**5/20 - 2*b**4 - 9*b**3/2 + 59*b**2 + 3*b. What is the tens digit of a(-23)?
1
Suppose 35 = -5*r, 4*o + 3*r + 25914 - 275877 = 0. What is the hundreds digit of o?
4
Let y be 4/((-2)/(6/(-3))). Suppose 2*x = -4*k + 6*x + 1824, y*k - 1834 = -x. What is the tens digit of k?
5
Let j be 7/(56/288)*-3. What is the tens digit of (1134/j)/(6/(-452))?
9
Suppose -27 = 9*z - 12*z. Let w be -8*(-1)/12*z*176. Suppose 0*j + w = 4*j + u, 2*j + 3*u - 538 = 0. What is the hundr